lculate the greatest common divisor of 962 and 104.
26
What is the highest common factor of 40 and 370?
10
What is the highest common factor of 935 and 3410?
55
What is the highest common factor of 378 and 42?
42
What is the highest common divisor of 4170 and 270?
30
What is the highest common factor of 6192 and 432?
144
Calculate the highest common divisor of 406 and 14.
14
Calculate the highest common divisor of 157 and 2.
1
What is the highest common factor of 68 and 51?
17
Calculate the greatest common divisor of 3 and 195.
3
What is the greatest common divisor of 16 and 4608?
16
What is the greatest common factor of 4320 and 162?
54
Calculate the highest common divisor of 172 and 2150.
86
What is the highest common factor of 39 and 1248?
39
Calculate the greatest common factor of 217 and 62.
31
What is the highest common divisor of 438 and 37887?
219
Calculate the highest common factor of 45 and 60.
15
Calculate the highest common divisor of 12 and 69.
3
Calculate the highest common factor of 533 and 13.
13
What is the highest common factor of 1365 and 42?
21
Calculate the highest common divisor of 3328 and 640.
128
What is the highest common divisor of 170 and 238?
34
What is the greatest common divisor of 30 and 30?
30
What is the greatest common divisor of 38 and 22?
2
What is the greatest common factor of 414 and 92?
46
Calculate the highest common divisor of 1152 and 72.
72
What is the highest common divisor of 273 and 455?
91
Calculate the greatest common divisor of 75 and 2625.
75
Calculate the greatest common divisor of 352 and 99.
11
What is the greatest common divisor of 2478 and 42?
42
What is the highest common divisor of 2483 and 382?
191
What is the highest common divisor of 3388 and 28?
28
What is the highest common divisor of 5571 and 18?
9
Calculate the greatest common factor of 79169 and 34.
17
What is the highest common divisor of 3 and 2652?
3
What is the greatest common divisor of 12677 and 21?
7
What is the greatest common divisor of 25767 and 189?
63
Calculate the greatest common divisor of 1652 and 140.
28
Calculate the highest common factor of 54 and 45.
9
What is the greatest common divisor of 13 and 11531?
13
Calculate the highest common divisor of 264 and 192.
24
What is the greatest common divisor of 963 and 2140?
107
Calculate the greatest common divisor of 17699 and 11.
11
Calculate the greatest common factor of 1328 and 1079.
83
Calculate the greatest common factor of 85 and 153.
17
Calculate the greatest common factor of 341 and 297.
11
What is the greatest common divisor of 425 and 935?
85
What is the greatest common divisor of 5408 and 160?
32
What is the greatest common divisor of 70 and 735?
35
What is the greatest common factor of 88 and 2744?
8
Calculate the highest common factor of 435 and 203.
29
What is the greatest common factor of 117 and 507?
39
Calculate the highest common factor of 18 and 243.
9
Calculate the highest common divisor of 2 and 16.
2
What is the highest common factor of 417 and 3058?
139
What is the highest common divisor of 50 and 1275?
25
What is the highest common divisor of 87 and 754?
29
What is the greatest common divisor of 11736 and 72?
72
What is the greatest common divisor of 60 and 24?
12
Calculate the highest common factor of 41 and 5.
1
What is the highest common factor of 336 and 105?
21
Calculate the highest common divisor of 13926 and 33.
33
Calculate the greatest common divisor of 96 and 33.
3
Calculate the greatest common divisor of 33014 and 34.
34
Calculate the greatest common divisor of 26 and 26.
26
What is the greatest common factor of 12 and 6636?
12
What is the highest common factor of 140 and 4452?
28
Calculate the greatest common factor of 215 and 172.
43
What is the greatest common divisor of 14 and 1750?
14
Calculate the highest common divisor of 38 and 1178.
38
Calculate the greatest common divisor of 36244 and 221.
221
What is the greatest common divisor of 234 and 294?
6
Calculate the greatest common divisor of 200 and 100.
100
What is the greatest common divisor of 1558 and 912?
38
What is the highest common factor of 2525 and 25?
25
Calculate the greatest common factor of 529 and 46.
23
What is the highest common divisor of 18745 and 652?
163
Calculate the highest common factor of 1859 and 286.
143
Calculate the highest common divisor of 6 and 1476.
6
Calculate the greatest common divisor of 483 and 4991.
161
Calculate the highest common divisor of 195 and 13.
13
What is the greatest common divisor of 100 and 40?
20
Calculate the highest common factor of 153 and 9.
9
Calculate the highest common divisor of 130 and 598.
26
What is the greatest common factor of 330 and 120?
30
Calculate the highest common factor of 891 and 54.
27
What is the highest common divisor of 20 and 464?
4
What is the highest common divisor of 805 and 35?
35
Calculate the highest common divisor of 18 and 3978.
18
Calculate the greatest common divisor of 132 and 264.
132
Calculate the highest common divisor of 1760 and 165.
55
What is the highest common divisor of 15 and 3099?
3
Calculate the greatest common factor of 45 and 1440.
45
Calculate the greatest common factor of 148 and 5365.
37
Calculate the highest common divisor of 190 and 475.
95
What is the highest common divisor of 6 and 4?
2
What is the highest common factor of 31 and 1?
1
What is the highest common factor of 35 and 644?
7
What is the highest common factor of 384 and 3264?
192
What is the highest common factor of 12 and 5556?
12
Calculate the highest common factor of 96 and 416.
32
What is the greatest common factor of 7 and 66045?
7
Calculate the highest common factor of 11 and 319.
11
Calculate the greatest common factor of 600 and 1320.
120
What is the highest common factor of 21 and 1092?
21
What is the highest common factor of 1652 and 28?
28
What is the highest common factor of 105 and 280?
35
Calculate the greatest common factor of 253 and 33.
11
Calculate the highest common divisor of 45 and 63.
9
Calculate the highest common factor of 1770 and 150.
30
Calculate the highest common factor of 94 and 1551.
47
Calculate the greatest common factor of 8900 and 500.
100
What is the greatest common divisor of 12 and 1188?
12
What is the greatest common factor of 2415 and 21?
21
What is the highest common factor of 1430 and 286?
286
Calculate the highest common divisor of 135 and 162.
27
Calculate the greatest common divisor of 949 and 13.
13
What is the greatest common divisor of 5 and 545?
5
What is the highest common factor of 460 and 552?
92
What is the greatest common divisor of 564 and 2?
2
What is the highest common divisor of 6989 and 29?
29
What is the highest common factor of 1016 and 8?
8
What is the greatest common divisor of 5539 and 58?
29
What is the highest common factor of 741 and 312?
39
Calculate the highest common factor of 30 and 50.
10
What is the greatest common factor of 91 and 169?
13
Calculate the greatest common factor of 64 and 16.
16
Calculate the highest common factor of 158 and 6.
2
What is the highest common divisor of 27686 and 218?
218
What is the greatest common divisor of 376 and 3901?
47
What is the greatest common divisor of 477 and 9?
9
Calculate the greatest common factor of 60 and 30.
30
What is the highest common factor of 153 and 27?
9
Calculate the greatest common factor of 240 and 45.
15
Calculate the highest common factor of 15 and 535.
5
What is the highest common divisor of 99 and 209?
11
Calculate the highest common divisor of 135 and 9.
9
Calculate the greatest common factor of 1200 and 360.
120
Calculate the greatest common divisor of 22 and 12738.
22
What is the greatest common divisor of 315 and 126?
63
Calculate the highest common divisor of 169 and 13.
13
Calculate the greatest common divisor of 6702 and 66.
6
What is the highest common factor of 12 and 132?
12
What is the highest common divisor of 209 and 2827?
11
What is the greatest common divisor of 24200 and 200?
200
What is the greatest common divisor of 408 and 24?
24
Calculate the highest common factor of 869 and 158.
79
Calculate the greatest common divisor of 13 and 117.
13
What is the highest common divisor of 22 and 9328?
22
What is the greatest common divisor of 1403 and 976?
61
Calcula